{"id":3111,"date":"2017-01-28T05:41:25","date_gmt":"2017-01-28T05:41:25","guid":{"rendered":"https:\/\/grandcarrentalv1.themegoods.com\/?page_id=3111"},"modified":"2026-04-15T18:21:23","modified_gmt":"2026-04-15T18:21:23","slug":"home-4-limousine-service","status":"publish","type":"page","link":"https:\/\/www.limostar.pt\/","title":{"rendered":"Home 4"},"content":{"rendered":"<div  class=\"one fullwidth \"><link href=\"https:\/\/fonts.googleapis.com\/css?family=Poppins:600%2C700%2C400%2C500\" rel=\"stylesheet\" property=\"stylesheet\" type=\"text\/css\" media=\"all\">\n<div id=\"rev_slider_1_1_wrapper\" class=\"rev_slider_wrapper fullscreen-container\" data-alias=\"home-4-slider\" data-source=\"gallery\" style=\"background:transparent;padding:0px;\">\n<!-- START REVOLUTION SLIDER 5.4.8 fullscreen mode --><\/p>\n<div id=\"rev_slider_1_1\" class=\"rev_slider fullscreenbanner\" style=\"display:none;\" data-version=\"5.4.8\">\n<ul>\t<!-- SLIDE  --><\/p>\n<li data-index=\"rs-1\" data-transition=\"fade\" data-slotamount=\"default\" data-hideafterloop=\"0\" data-hideslideonmobile=\"off\"  data-easein=\"default\" data-easeout=\"default\" data-masterspeed=\"300\"  data-thumb=\"https:\/\/www.limostar.pt\/wp-content\/uploads\/2025\/07\/slide_limo_noivos3-100x50.jpg\"  data-rotate=\"0\"  data-saveperformance=\"off\"  data-mediafilter=\"xpro2\" data-title=\"Slide\" data-param1=\"\" data-param2=\"\" data-param3=\"\" data-param4=\"\" data-param5=\"\" data-param6=\"\" data-param7=\"\" data-param8=\"\" data-param9=\"\" data-param10=\"\" data-description=\"\">\n\t\t<!-- MAIN IMAGE --><br \/>\n\t\t<img loading=\"lazy\" decoding=\"async\" src=\"https:\/\/www.limostar.pt\/wp-content\/uploads\/2025\/07\/slide_limo_noivos3.jpg\"  alt=\"\" title=\"slide_limo_noivos3\"  width=\"1753\" height=\"956\" data-bgposition=\"center center\" data-bgfit=\"cover\" data-bgrepeat=\"no-repeat\" class=\"rev-slidebg\" data-no-retina><br \/>\n\t\t<!-- LAYERS --><\/p>\n<p>\t\t<!-- LAYER NR. 1 --><\/p>\n<div class=\"tp-caption   tp-resizeme\" \n\t\t\t id=\"slide-1-layer-1\" \n\t\t\t data-x=\"center\" data-hoffset=\"0\" \n\t\t\t data-y=\"center\" data-voffset=\"10\" \n\t\t\t\t\t\tdata-width=\"['auto']\"\n\t\t\tdata-height=\"['auto']\"\n \n\t\t\tdata-type=\"text\" \n\t\t\tdata-responsive_offset=\"on\" \n\n\t\t\tdata-frames='[{\"delay\":999.9996948242188,\"speed\":800,\"frame\":\"0\",\"from\":\"z:0;rX:0;rY:0;rZ:0;sX:0.8;sY:0.8;skX:0;skY:0;opacity:0;\",\"to\":\"o:1;\",\"ease\":\"Power4.easeOut\"},{\"delay\":\"+7199.9993896484\",\"speed\":500,\"frame\":\"999\",\"to\":\"opacity:0;\",\"ease\":\"Power3.easeInOut\"}]'\n\t\t\tdata-textAlign=\"['inherit','inherit','inherit','inherit']\"\n\t\t\tdata-paddingtop=\"[0,0,0,0]\"\n\t\t\tdata-paddingright=\"[0,0,0,0]\"\n\t\t\tdata-paddingbottom=\"[0,0,0,0]\"\n\t\t\tdata-paddingleft=\"[0,0,0,0]\"\n\n\t\t\tstyle=\"z-index: 5; white-space: nowrap; font-size: 60px; line-height: 22px; font-weight: 600; color: rgba(255,255,255,1); letter-spacing: px;font-family:Poppins;cursor:pointer;\">Para Um Dia Perfeito <\/div>\n<p>\t\t<!-- LAYER NR. 2 --><\/p>\n<div class=\"tp-caption   tp-resizeme\" \n\t\t\t id=\"slide-1-layer-2\" \n\t\t\t data-x=\"center\" data-hoffset=\"0\" \n\t\t\t data-y=\"center\" data-voffset=\"-80\" \n\t\t\t\t\t\tdata-width=\"['auto']\"\n\t\t\tdata-height=\"['auto']\"\n \n\t\t\tdata-type=\"text\" \n\t\t\tdata-responsive_offset=\"on\" \n\n\t\t\tdata-frames='[{\"delay\":999.9996948242188,\"speed\":800,\"frame\":\"0\",\"from\":\"z:0;rX:0;rY:0;rZ:0;sX:0.8;sY:0.8;skX:0;skY:0;opacity:0;\",\"to\":\"o:1;\",\"ease\":\"Power4.easeOut\"},{\"delay\":\"+7199.9993896484\",\"speed\":500,\"frame\":\"999\",\"to\":\"opacity:0;\",\"ease\":\"Power3.easeInOut\"}]'\n\t\t\tdata-textAlign=\"['inherit','inherit','inherit','inherit']\"\n\t\t\tdata-paddingtop=\"[0,0,0,0]\"\n\t\t\tdata-paddingright=\"[0,0,0,0]\"\n\t\t\tdata-paddingbottom=\"[0,0,0,0]\"\n\t\t\tdata-paddingleft=\"[0,0,0,0]\"\n\n\t\t\tstyle=\"z-index: 6; white-space: nowrap; font-size: 160px; line-height: 22px; font-weight: 700; color: #e0e0e0; letter-spacing: px;font-family:Poppins;cursor:pointer;\">Limousine <\/div>\n<p>\t\t<!-- LAYER NR. 3 --><\/p>\n<div class=\"tp-caption   tp-resizeme\" \n\t\t\t id=\"slide-1-layer-3\" \n\t\t\t data-x=\"center\" data-hoffset=\"0\" \n\t\t\t data-y=\"center\" data-voffset=\"60\" \n\t\t\t\t\t\tdata-width=\"['auto']\"\n\t\t\tdata-height=\"['auto']\"\n\t\t\tdata-visibility=\"['on','on','on','off']\"\n \n\t\t\tdata-type=\"text\" \n\t\t\tdata-responsive_offset=\"on\" \n\n\t\t\tdata-frames='[{\"delay\":999.9996948242188,\"speed\":800,\"frame\":\"0\",\"from\":\"z:0;rX:0;rY:0;rZ:0;sX:0.8;sY:0.8;skX:0;skY:0;opacity:0;\",\"to\":\"o:1;\",\"ease\":\"Power4.easeOut\"},{\"delay\":\"+7199.9993896484\",\"speed\":500,\"frame\":\"999\",\"to\":\"opacity:0;\",\"ease\":\"Power3.easeInOut\"}]'\n\t\t\tdata-textAlign=\"['inherit','inherit','inherit','inherit']\"\n\t\t\tdata-paddingtop=\"[0,0,0,0]\"\n\t\t\tdata-paddingright=\"[0,0,0,0]\"\n\t\t\tdata-paddingbottom=\"[0,0,0,0]\"\n\t\t\tdata-paddingleft=\"[0,0,0,0]\"\n\n\t\t\tstyle=\"z-index: 7; white-space: nowrap; font-size: 18px; line-height: 22px; font-weight: 400; color: rgba(201,201,201,1); letter-spacing: px;font-family:Poppins;cursor:pointer;\">O melhor servi\u00e7o de aluguer de Limousine <\/div>\n<p>\t\t<!-- LAYER NR. 4 --><br \/>\n\t\t<a class=\"tp-caption rev-btn rev-withicon \" \n href=\"https:\/\/www.limostar.pt\/?page_id=186\" target=\"_self\"\t\t\t id=\"slide-1-layer-5\" \n\t\t\t data-x=\"center\" data-hoffset=\"0\" \n\t\t\t data-y=\"center\" data-voffset=\"141\" \n\t\t\t\t\t\tdata-width=\"['auto']\"\n\t\t\tdata-height=\"['auto']\"\n \n\t\t\tdata-type=\"button\" \n\t\t\tdata-actions=''\n\t\t\tdata-responsive_offset=\"on\" \n\t\t\tdata-responsive=\"off\"\n\t\t\tdata-frames='[{\"delay\":999.9996948242188,\"speed\":800,\"frame\":\"0\",\"from\":\"z:0;rX:0;rY:0;rZ:0;sX:0.8;sY:0.8;skX:0;skY:0;opacity:0;\",\"to\":\"o:1;\",\"ease\":\"Power4.easeOut\"},{\"delay\":\"+7199.9993896484\",\"speed\":500,\"frame\":\"999\",\"to\":\"opacity:0;\",\"ease\":\"Power3.easeInOut\"},{\"frame\":\"hover\",\"speed\":\"0\",\"ease\":\"Linear.easeNone\",\"to\":\"o:1;rX:0;rY:0;rZ:0;z:0;\",\"style\":\"c:rgba(255,255,255,1);bg:rgba(88,86,214,1);bc:rgba(30,198,182,1);bs:solid;bw:0 0 0 0;\"}]'\n\t\t\tdata-textAlign=\"['inherit','inherit','inherit','inherit']\"\n\t\t\tdata-paddingtop=\"[12,12,12,12]\"\n\t\t\tdata-paddingright=\"[35,35,35,35]\"\n\t\t\tdata-paddingbottom=\"[12,12,12,12]\"\n\t\t\tdata-paddingleft=\"[35,35,35,35]\"\n\n\t\t\tstyle=\"z-index: 8; white-space: nowrap; font-size: 17px; line-height: 17px; font-weight: 500; color: rgba(255,255,255,1); letter-spacing: px;font-family:Poppins;background-color:rgba(4,219,192,1);border-color:rgba(4,219,192,1);border-radius:30px 30px 30px 30px;outline:none;box-shadow:none;box-sizing:border-box;-moz-box-sizing:border-box;-webkit-box-sizing:border-box;cursor:pointer;text-decoration: none;\">Ver Servi\u00e7os<i class=\"fa-icon-chevron-right\"><\/i> <\/a>\n\t<\/li>\n<p>\t<!-- SLIDE  --><\/p>\n<li data-index=\"rs-2\" data-transition=\"fade\" data-slotamount=\"default\" data-hideafterloop=\"0\" data-hideslideonmobile=\"off\"  data-easein=\"default\" data-easeout=\"default\" data-masterspeed=\"300\"  data-thumb=\"https:\/\/www.limostar.pt\/wp-content\/uploads\/2025\/07\/slide_limo_vip-100x50.jpg\"  data-rotate=\"0\"  data-saveperformance=\"off\"  data-title=\"Slide\" data-param1=\"\" data-param2=\"\" data-param3=\"\" data-param4=\"\" data-param5=\"\" data-param6=\"\" data-param7=\"\" data-param8=\"\" data-param9=\"\" data-param10=\"\" data-description=\"\">\n\t\t<!-- MAIN IMAGE --><br \/>\n\t\t<img loading=\"lazy\" decoding=\"async\" src=\"https:\/\/www.limostar.pt\/wp-content\/uploads\/2025\/07\/slide_limo_vip.jpg\"  alt=\"\" title=\"slide_limo_vip\"  width=\"1753\" height=\"956\" data-bgposition=\"center center\" data-bgfit=\"cover\" data-bgrepeat=\"no-repeat\" class=\"rev-slidebg\" data-no-retina><br \/>\n\t\t<!-- LAYERS --><\/p>\n<p>\t\t<!-- LAYER NR. 5 --><\/p>\n<div class=\"tp-caption   tp-resizeme\" \n\t\t\t id=\"slide-2-layer-1\" \n\t\t\t data-x=\"60\" \n\t\t\t data-y=\"center\" data-voffset=\"0\" \n\t\t\t\t\t\tdata-width=\"['auto']\"\n\t\t\tdata-height=\"['auto']\"\n \n\t\t\tdata-type=\"text\" \n\t\t\tdata-responsive_offset=\"on\" \n\n\t\t\tdata-frames='[{\"delay\":999.9996948242188,\"speed\":800,\"frame\":\"0\",\"from\":\"z:0;rX:0;rY:0;rZ:0;sX:0.8;sY:0.8;skX:0;skY:0;opacity:0;\",\"to\":\"o:1;\",\"ease\":\"Power4.easeOut\"},{\"delay\":\"+7199.9993896484\",\"speed\":500,\"frame\":\"999\",\"to\":\"opacity:0;\",\"ease\":\"Power3.easeInOut\"}]'\n\t\t\tdata-textAlign=\"['inherit','inherit','inherit','inherit']\"\n\t\t\tdata-paddingtop=\"[0,0,0,0]\"\n\t\t\tdata-paddingright=\"[0,0,0,0]\"\n\t\t\tdata-paddingbottom=\"[0,0,0,0]\"\n\t\t\tdata-paddingleft=\"[0,0,0,0]\"\n\n\t\t\tstyle=\"z-index: 5; white-space: nowrap; font-size: 46px; line-height: 48px; font-weight: 600; color: rgba(255,255,255,1); letter-spacing: px;font-family:Poppins;\">Experi\u00eancia \u00fanica<br \/>Servi\u00e7o Limousine <\/div>\n<p>\t\t<!-- LAYER NR. 6 --><\/p>\n<div class=\"tp-caption   tp-resizeme\" \n\t\t\t id=\"slide-2-layer-3\" \n\t\t\t data-x=\"60\" \n\t\t\t data-y=\"center\" data-voffset=\"80\" \n\t\t\t\t\t\tdata-width=\"['auto']\"\n\t\t\tdata-height=\"['auto']\"\n\t\t\tdata-visibility=\"['on','on','on','off']\"\n \n\t\t\tdata-type=\"text\" \n\t\t\tdata-responsive_offset=\"on\" \n\n\t\t\tdata-frames='[{\"delay\":999.9996948242188,\"speed\":800,\"frame\":\"0\",\"from\":\"z:0;rX:0;rY:0;rZ:0;sX:0.8;sY:0.8;skX:0;skY:0;opacity:0;\",\"to\":\"o:1;\",\"ease\":\"Power4.easeOut\"},{\"delay\":\"+7199.9993896484\",\"speed\":500,\"frame\":\"999\",\"to\":\"opacity:0;\",\"ease\":\"Power3.easeInOut\"}]'\n\t\t\tdata-textAlign=\"['inherit','inherit','inherit','inherit']\"\n\t\t\tdata-paddingtop=\"[0,0,0,0]\"\n\t\t\tdata-paddingright=\"[0,0,0,0]\"\n\t\t\tdata-paddingbottom=\"[0,0,0,0]\"\n\t\t\tdata-paddingleft=\"[0,0,0,0]\"\n\n\t\t\tstyle=\"z-index: 6; white-space: nowrap; font-size: 18px; line-height: 22px; font-weight: 400; color: rgba(255,255,255,1); letter-spacing: px;font-family:Poppins;\">Disfrute de momentos marcantes<br \/>com os nossos servi\u00e7os de aluguer  \u00fanicos  <\/div>\n<p>\t\t<!-- LAYER NR. 7 --><br \/>\n\t\t<a class=\"tp-caption rev-btn rev-withicon \" \n href=\"https:\/\/www.limostar.pt\/?page_id=186\" target=\"_self\"\t\t\t id=\"slide-2-layer-5\" \n\t\t\t data-x=\"60\" \n\t\t\t data-y=\"center\" data-voffset=\"170\" \n\t\t\t\t\t\tdata-width=\"['auto']\"\n\t\t\tdata-height=\"['auto']\"\n \n\t\t\tdata-type=\"button\" \n\t\t\tdata-actions=''\n\t\t\tdata-responsive_offset=\"on\" \n\t\t\tdata-responsive=\"off\"\n\t\t\tdata-frames='[{\"delay\":999.9996948242188,\"speed\":800,\"frame\":\"0\",\"from\":\"z:0;rX:0;rY:0;rZ:0;sX:0.8;sY:0.8;skX:0;skY:0;opacity:0;\",\"to\":\"o:1;\",\"ease\":\"Power4.easeOut\"},{\"delay\":\"+7199.9993896484\",\"speed\":500,\"frame\":\"999\",\"to\":\"opacity:0;\",\"ease\":\"Power3.easeInOut\"},{\"frame\":\"hover\",\"speed\":\"0\",\"ease\":\"Linear.easeNone\",\"to\":\"o:1;rX:0;rY:0;rZ:0;z:0;\",\"style\":\"c:rgba(255,255,255,1);bg:rgba(88,86,214,1);bc:rgba(30,198,182,1);bs:solid;bw:0 0 0 0;\"}]'\n\t\t\tdata-textAlign=\"['inherit','inherit','inherit','inherit']\"\n\t\t\tdata-paddingtop=\"[12,12,12,12]\"\n\t\t\tdata-paddingright=\"[35,35,35,35]\"\n\t\t\tdata-paddingbottom=\"[12,12,12,12]\"\n\t\t\tdata-paddingleft=\"[35,35,35,35]\"\n\n\t\t\tstyle=\"z-index: 7; white-space: nowrap; font-size: 17px; line-height: 17px; font-weight: 500; color: rgba(255,255,255,1); letter-spacing: px;font-family:Poppins;background-color:rgba(4,219,192,1);border-color:rgba(4,219,192,1);border-radius:30px 30px 30px 30px;outline:none;box-shadow:none;box-sizing:border-box;-moz-box-sizing:border-box;-webkit-box-sizing:border-box;cursor:pointer;text-decoration: none;\">Consultar servi\u00e7os<i class=\"fa-icon-chevron-right\"><\/i> <\/a>\n\t<\/li>\n<\/ul>\n<style>\n<\/style>\n<div class=\"tp-bannertimer tp-bottom\" style=\"visibility: hidden !important;\"><\/div>\n<\/p><\/div>\n<style><\/style>\n<p>\t\t<script type=\"text\/javascript\">\nif (setREVStartSize!==undefined) setREVStartSize(\n\t{c: '#rev_slider_1_1', gridwidth: [1240], gridheight: [868], sliderLayout: 'fullscreen', fullScreenAutoWidth:'off', fullScreenAlignForce:'off', fullScreenOffsetContainer:'', fullScreenOffset:''});<\/p>\n<p>var revapi1,\n\ttpj;\t\n(function() {\t\t\t\n\tif (!\/loaded|interactive|complete\/.test(document.readyState)) document.addEventListener(\"DOMContentLoaded\",onLoad); else onLoad();\t\n\tfunction onLoad() {\t\t\t\t\n\t\tif (tpj===undefined) { tpj = jQuery; if(\"off\" == \"on\") tpj.noConflict();}\n\tif(tpj(\"#rev_slider_1_1\").revolution == undefined){\n\t\trevslider_showDoubleJqueryError(\"#rev_slider_1_1\");\n\t}else{\n\t\trevapi1 = tpj(\"#rev_slider_1_1\").show().revolution({\n\t\t\tsliderType:\"standard\",\n\t\t\tjsFileLocation:\"\/\/www.limostar.pt\/wp-content\/plugins\/revslider\/public\/assets\/js\/\",\n\t\t\tsliderLayout:\"fullscreen\",\n\t\t\tdottedOverlay:\"none\",\n\t\t\tdelay:9000,\n\t\t\tnavigation: {\n\t\t\t\tkeyboardNavigation:\"off\",\n\t\t\t\tkeyboard_direction: \"horizontal\",\n\t\t\t\tmouseScrollNavigation:\"off\",\n \t\t\t\t\t\t\tmouseScrollReverse:\"default\",\n\t\t\t\tonHoverStop:\"off\",\n\t\t\t\tarrows: {\n\t\t\t\t\tstyle:\"uranus\",\n\t\t\t\t\tenable:true,\n\t\t\t\t\thide_onmobile:false,\n\t\t\t\t\thide_onleave:true,\n\t\t\t\t\thide_delay:200,\n\t\t\t\t\thide_delay_mobile:1200,\n\t\t\t\t\ttmp:'',\n\t\t\t\t\tleft: {\n\t\t\t\t\t\th_align:\"left\",\n\t\t\t\t\t\tv_align:\"center\",\n\t\t\t\t\t\th_offset:20,\n\t\t\t\t\t\tv_offset:0\n\t\t\t\t\t},\n\t\t\t\t\tright: {\n\t\t\t\t\t\th_align:\"right\",\n\t\t\t\t\t\tv_align:\"center\",\n\t\t\t\t\t\th_offset:20,\n\t\t\t\t\t\tv_offset:0\n\t\t\t\t\t}\n\t\t\t\t}\n\t\t\t},\n\t\t\tvisibilityLevels:[1240,1024,778,480],\n\t\t\tgridwidth:1240,\n\t\t\tgridheight:868,\n\t\t\tlazyType:\"none\",\n\t\t\tshadow:0,\n\t\t\tspinner:\"spinner3\",\n\t\t\tstopLoop:\"off\",\n\t\t\tstopAfterLoops:-1,\n\t\t\tstopAtSlide:-1,\n\t\t\tshuffle:\"off\",\n\t\t\tautoHeight:\"off\",\n\t\t\tfullScreenAutoWidth:\"off\",\n\t\t\tfullScreenAlignForce:\"off\",\n\t\t\tfullScreenOffsetContainer: \"\",\n\t\t\tfullScreenOffset: \"\",\n\t\t\tdisableProgressBar:\"on\",\n\t\t\thideThumbsOnMobile:\"off\",\n\t\t\thideSliderAtLimit:0,\n\t\t\thideCaptionAtLimit:0,\n\t\t\thideAllCaptionAtLilmit:0,\n\t\t\tdebugMode:false,\n\t\t\tfallbacks: {\n\t\t\t\tsimplifyAll:\"off\",\n\t\t\t\tnextSlideOnWindowFocus:\"off\",\n\t\t\t\tdisableFocusListener:false,\n\t\t\t}\n\t\t});\n\t}; \/* END OF revapi call *\/<\/p>\n<p> }; \/* END OF ON LOAD FUNCTION *\/\n}()); \/* END OF WRAPPING FUNCTION *\/\n<\/script><\/p>\n<style type=\"text\/css\">\t#rev_slider_1_1_wrapper .tp-loader.spinner3{ background-color: #04dbc0 !important; } <\/style>\n<style type=\"text\/css\">#rev_slider_1_1 .uranus.tparrows{width:50px; height:50px; background:rgba(255,255,255,0)}#rev_slider_1_1 .uranus.tparrows:before{width:50px; height:50px; line-height:50px; font-size:40px; transition:all 0.3s;-webkit-transition:all 0.3s}#rev_slider_1_1 .uranus.tparrows:hover:before{opacity:0.75}<\/style>\n<\/p><\/div>\n<p><!-- END REVOLUTION SLIDER --><\/div>\n<div  class=\"one withsmallpadding ppb_header \" style=\"text-align:center;padding:0px 0 0px 0;margin-top:60px;margin-bottom:60px;\" >\n<div class=\"standard_wrapper\">\n<div class=\"page_content_wrapper\">\n<div class=\"inner\">\n<div style=\"margin:auto;width:100%\">\n<h2 class=\"ppb_title\" style=\"\">Servi\u00e7os<\/h2>\n<div class=\"page_tagline\" style=\"\">A diferen\u00e7a est\u00e1 nos detalhes, aproveite os nossos servi\u00e7os<\/div>\n<\/div>\n<\/div>\n<\/div>\n<\/div>\n<\/div>\n<div  class=\"ppb_car_grid one nopadding \" style=\"margin-bottom:30px;\" >\n<div class=\"page_content_wrapper page_main_content sidebar_content full_width fixed_column\">\n<div class=\"standard_wrapper\">\n<div id=\"17762772831095796135\" class=\"portfolio_filter_wrapper gallery grid three_cols\" data-columns=\"3\">\n<div class=\"element grid classic3_cols animated1\">\n<div class=\"one_third gallery3 grid static filterable portfolio_type themeborder\" style=\"background-image:url(http:\/\/www.limostar.pt\/wp-content\/uploads\/2017\/01\/casamento2-700x466.jpg);\"><a class=\"car_image\" href=\"https:\/\/www.limostar.pt\/?car=porsche-panamera\"><\/a><\/p>\n<div class=\"portfolio_info_wrapper\">\n<div class=\"car_attribute_wrapper\">\n<h4>1. Casamentos<\/h4>\n<div class=\"car_attribute_wrapper_icon\">\n<div class=\"one_fourth\">\n<div class=\"car_attribute_icon ti-user\"><\/div>\n<div class=\"car_attribute_content\">6\n\t\t\t\t\t\t\t<\/div>\n<\/p><\/div>\n<div class=\"one_fourth\">\n<div class=\"car_attribute_icon ti-briefcase\"><\/div>\n<div class=\"car_attribute_content\">1\n\t\t\t\t\t\t\t<\/div>\n<\/p><\/div>\n<div class=\"one_fourth\">\n<div class=\"car_attribute_icon ti-panel\"><\/div>\n<div class=\"car_attribute_content\">Auto\n\t\t\t\t\t\t\t<\/div>\n<\/p><\/div>\n<\/div>\n<p><br class=\"clear\"\/><\/div>\n<div class=\"car_attribute_price\"><\/div>\n<p>        \t\t    <br class=\"clear\"\/>\n\t\t\t\t<\/div>\n<\/div>\n<\/div>\n<div class=\"element grid classic3_cols animated2\">\n<div class=\"one_third gallery3 grid static filterable portfolio_type themeborder\" style=\"background-image:url(http:\/\/www.limostar.pt\/wp-content\/uploads\/2017\/01\/despedida-700x466.jpg);\"><a class=\"car_image\" href=\"https:\/\/www.limostar.pt\/?car=bmw-7-series\"><\/a><\/p>\n<div class=\"portfolio_info_wrapper\">\n<div class=\"car_attribute_wrapper\">\n<h4>2. Despedida Solteiro<\/h4>\n<div class=\"car_attribute_wrapper_icon\">\n<div class=\"one_fourth\">\n<div class=\"car_attribute_icon ti-user\"><\/div>\n<div class=\"car_attribute_content\">8\n\t\t\t\t\t\t\t<\/div>\n<\/p><\/div>\n<div class=\"one_fourth\">\n<div class=\"car_attribute_icon ti-briefcase\"><\/div>\n<div class=\"car_attribute_content\">2\n\t\t\t\t\t\t\t<\/div>\n<\/p><\/div>\n<div class=\"one_fourth\">\n<div class=\"car_attribute_icon ti-panel\"><\/div>\n<div class=\"car_attribute_content\">Auto\n\t\t\t\t\t\t\t<\/div>\n<\/p><\/div>\n<\/div>\n<p><br class=\"clear\"\/><\/div>\n<div class=\"car_attribute_price\"><\/div>\n<p>        \t\t    <br class=\"clear\"\/>\n\t\t\t\t<\/div>\n<\/div>\n<\/div>\n<div class=\"element grid classic3_cols animated3\">\n<div class=\"one_third gallery3 grid static filterable portfolio_type themeborder\" style=\"background-image:url(http:\/\/www.limostar.pt\/wp-content\/uploads\/2017\/01\/aniv2_-700x466.jpg);\"><a class=\"car_image\" href=\"https:\/\/www.limostar.pt\/?car=audi-a5\"><\/a><\/p>\n<div class=\"portfolio_info_wrapper\">\n<div class=\"car_attribute_wrapper\">\n<h4>3. Anivers\u00e1rios<\/h4>\n<div class=\"car_attribute_wrapper_icon\">\n<div class=\"one_fourth\">\n<div class=\"car_attribute_icon ti-user\"><\/div>\n<div class=\"car_attribute_content\">8\n\t\t\t\t\t\t\t<\/div>\n<\/p><\/div>\n<div class=\"one_fourth\">\n<div class=\"car_attribute_icon ti-briefcase\"><\/div>\n<div class=\"car_attribute_content\">2\n\t\t\t\t\t\t\t<\/div>\n<\/p><\/div>\n<div class=\"one_fourth\">\n<div class=\"car_attribute_icon ti-panel\"><\/div>\n<div class=\"car_attribute_content\">Auto\n\t\t\t\t\t\t\t<\/div>\n<\/p><\/div>\n<\/div>\n<p><br class=\"clear\"\/><\/div>\n<div class=\"car_attribute_price\"><\/div>\n<p>        \t\t    <br class=\"clear\"\/>\n\t\t\t\t<\/div>\n<\/div>\n<\/div>\n<div class=\"element grid classic3_cols animated4\">\n<div class=\"one_third gallery3 grid static filterable portfolio_type themeborder\" style=\"background-image:url(http:\/\/www.limostar.pt\/wp-content\/uploads\/2017\/01\/festa2-700x466.jpg);\"><a class=\"car_image\" href=\"https:\/\/www.limostar.pt\/?car=porsche-boxster\"><\/a><\/p>\n<div class=\"portfolio_info_wrapper\">\n<div class=\"car_attribute_wrapper\">\n<h4>4. Viagem VIP<\/h4>\n<div class=\"car_attribute_wrapper_icon\">\n<div class=\"one_fourth\">\n<div class=\"car_attribute_icon ti-user\"><\/div>\n<div class=\"car_attribute_content\">8\n\t\t\t\t\t\t\t<\/div>\n<\/p><\/div>\n<div class=\"one_fourth\">\n<div class=\"car_attribute_icon ti-briefcase\"><\/div>\n<div class=\"car_attribute_content\">2\n\t\t\t\t\t\t\t<\/div>\n<\/p><\/div>\n<div class=\"one_fourth\">\n<div class=\"car_attribute_icon ti-panel\"><\/div>\n<div class=\"car_attribute_content\">Auto\n\t\t\t\t\t\t\t<\/div>\n<\/p><\/div>\n<\/div>\n<p><br class=\"clear\"\/><\/div>\n<div class=\"car_attribute_price\"><\/div>\n<p>        \t\t    <br class=\"clear\"\/>\n\t\t\t\t<\/div>\n<\/div>\n<\/div>\n<div class=\"element grid classic3_cols animated5\">\n<div class=\"one_third gallery3 grid static filterable portfolio_type themeborder\" style=\"background-image:url(http:\/\/www.limostar.pt\/wp-content\/uploads\/2017\/01\/limousine2-700x466.jpg);\"><a class=\"car_image\" href=\"https:\/\/www.limostar.pt\/?car=mercedes-benz-sl-class\"><\/a><\/p>\n<div class=\"portfolio_info_wrapper\">\n<div class=\"car_attribute_wrapper\">\n<h4>5. Limousine Aluguer<\/h4>\n<div class=\"car_attribute_wrapper_icon\">\n<div class=\"one_fourth\">\n<div class=\"car_attribute_icon ti-user\"><\/div>\n<div class=\"car_attribute_content\">8\n\t\t\t\t\t\t\t<\/div>\n<\/p><\/div>\n<div class=\"one_fourth\">\n<div class=\"car_attribute_icon ti-briefcase\"><\/div>\n<div class=\"car_attribute_content\">2\n\t\t\t\t\t\t\t<\/div>\n<\/p><\/div>\n<div class=\"one_fourth\">\n<div class=\"car_attribute_icon ti-panel\"><\/div>\n<div class=\"car_attribute_content\">Auto\n\t\t\t\t\t\t\t<\/div>\n<\/p><\/div>\n<\/div>\n<p><br class=\"clear\"\/><\/div>\n<div class=\"car_attribute_price\"><\/div>\n<p>        \t\t    <br class=\"clear\"\/>\n\t\t\t\t<\/div>\n<\/div>\n<\/div>\n<div class=\"element grid classic3_cols animated6\">\n<div class=\"one_third gallery3 grid static filterable portfolio_type themeborder\" style=\"background-image:url(http:\/\/www.limostar.pt\/wp-content\/uploads\/2017\/01\/strip2-700x466.jpg);\"><a class=\"car_image\" href=\"https:\/\/www.limostar.pt\/?car=bmw-x6\"><\/a><\/p>\n<div class=\"portfolio_info_wrapper\">\n<div class=\"car_attribute_wrapper\">\n<h4>6. Limousine Strip<\/h4>\n<div class=\"car_attribute_wrapper_icon\">\n<div class=\"one_fourth\">\n<div class=\"car_attribute_icon ti-user\"><\/div>\n<div class=\"car_attribute_content\">6\n\t\t\t\t\t\t\t<\/div>\n<\/p><\/div>\n<div class=\"one_fourth\">\n<div class=\"car_attribute_icon ti-briefcase\"><\/div>\n<div class=\"car_attribute_content\">1\n\t\t\t\t\t\t\t<\/div>\n<\/p><\/div>\n<div class=\"one_fourth\">\n<div class=\"car_attribute_icon ti-panel\"><\/div>\n<div class=\"car_attribute_content\">Auto\n\t\t\t\t\t\t\t<\/div>\n<\/p><\/div>\n<\/div>\n<p><br class=\"clear\"\/><\/div>\n<div class=\"car_attribute_price\"><\/div>\n<p>        \t\t    <br class=\"clear\"\/>\n\t\t\t\t<\/div>\n<\/div>\n<\/div>\n<\/div>\n<\/div>\n<\/div>\n<\/div>\n<div  class=\"one withsmallpadding ppb_header_youtube withbg parallax\" data-jarallax-video=\"https:\/\/www.youtube.com\/watch?v=k2dqhxW0SEU\"  style=\"text-align:center;padding:215px 0 215px 0;color:#ffffff;\" >\n<div class=\"overlay_background\" style=\"background:#000000;background:rgb(0,0,0,0.5);background:rgba(0,0,0,0.5);\"><\/div>\n<div class=\"standard_wrapper\">\n<div class=\"page_content_wrapper\">\n<div class=\"inner\">\n<div style=\"margin:auto;width:100%\">\n<h2 class=\"ppb_title\" style=\"color:#ffffff;\">Nossos Servi\u00e7os, Sua Divers\u00e3o<\/h2>\n<div class=\"page_tagline\" style=\"color:#ffffff;\">Porque sabemos que h\u00e1 momentos que marcam uma vida, queremos contribuir para momentos incr\u00edveis e inesquec\u00edveis.<\/div>\n<div class=\"ppb_header_content\">\n<p><span style=\"font-size: 32px;\">Ligue Agora +351 969 393 186<\/span><\/p>\n<p><a class=\"button\" href=\"https:\/\/www.limostar.pt\/?page_id=17\">Solicitar or\u00e7amento<\/a><\/p>\n<\/div>\n<\/div>\n<\/div>\n<\/div>\n<\/div>\n<\/div>\n<div  class=\"one withsmallpadding ppb_header \" style=\"text-align:center;padding:60px 0 60px 0;background-color:#5856d6;color:#ffffff;\" >\n<div class=\"standard_wrapper\">\n<div class=\"page_content_wrapper\">\n<div class=\"inner\">\n<div style=\"margin:auto;width:100%\">\n<h2 class=\"ppb_title\" style=\"color:#ffffff;\">Porqu\u00ea N\u00f3s?<\/h2>\n<div class=\"page_tagline\" style=\"color:#ffffff;\">Explore o servi\u00e7o de Limousine VIP e o seu aluguer<\/div>\n<\/div>\n<\/div>\n<\/div>\n<\/div>\n<\/div>\n<div  class=\"one withsmallpadding ppb_text\" style=\"padding-top:0 !important;text-align:center;padding:10px 0 10px 0;background-color:#5856d6;color:#ffffff !important;\" >\n<div class=\"standard_wrapper\">\n<div class=\"page_content_wrapper\">\n<div class=\"inner\">\n<div style=\"margin:auto;width:100%\">\n<div class=\"one_third \" style=\"\">\n<span class=\"ti-car\" style=\"display: block; font-size: 50px; margin-bottom: 20px;\">\u00a0<\/span><\/p>\n<h4 style=\"color: #fff;\">Servi\u00e7o de excel\u00eancia<\/h4>\n<p>Garantimos um servi\u00e7o personalizado e \u00fanico. O nosso objetivo \u00e9 tornar esta experi\u00eancia memor\u00e1vel.\n<\/p>\n<\/div>\n<div class=\"one_third \" style=\"\">\n<span class=\"ti-face-smile\" style=\"display: block; font-size: 50px; margin-bottom: 20px;\">\u00a0<\/span><\/p>\n<h4 style=\"color: #fff;\">Confian\u00e7a e Conforto<\/h4>\n<p>Tudo nos nossos servi\u00e7os e ve\u00edculos \u00e9 pensado para superar a sua expectativa.<\/p>\n<\/div>\n<div class=\"one_third last \" style=\"\">\n<span class=\"ti-heart\" style=\"display: block; font-size: 50px; margin-bottom: 20px;\">\u00a0<\/span><\/p>\n<h4 style=\"color: #fff;\">Esclare\u00e7a as suas d\u00favidas<\/h4>\n<p>Ajudamos a esclarecer as suas d\u00favidas quanto aos nossos servi\u00e7os, contacte-nos.\n<\/p>\n<\/div>\n<p><br class=\"clear\"\/><\/p>\n<\/div>\n<\/div>\n<\/div>\n<\/div>\n<\/div>\n","protected":false},"excerpt":{"rendered":"<p>Para Um Dia Perfeito Limousine O melhor servi\u00e7o de aluguer de Limousine Ver Servi\u00e7os Experi\u00eancia \u00fanicaServi\u00e7o Limousine Disfrute de momentos marcantescom os nossos servi\u00e7os de aluguer \u00fanicos Consultar servi\u00e7os Servi\u00e7os A diferen\u00e7a est\u00e1 nos detalhes, aproveite os nossos servi\u00e7os 1. [&hellip;]<\/p>\n","protected":false},"author":1,"featured_media":0,"parent":0,"menu_order":0,"comment_status":"closed","ping_status":"closed","template":"","meta":{"footnotes":""},"class_list":["post-3111","page","type-page","status-publish","hentry"],"_links":{"self":[{"href":"https:\/\/www.limostar.pt\/index.php?rest_route=\/wp\/v2\/pages\/3111","targetHints":{"allow":["GET"]}}],"collection":[{"href":"https:\/\/www.limostar.pt\/index.php?rest_route=\/wp\/v2\/pages"}],"about":[{"href":"https:\/\/www.limostar.pt\/index.php?rest_route=\/wp\/v2\/types\/page"}],"author":[{"embeddable":true,"href":"https:\/\/www.limostar.pt\/index.php?rest_route=\/wp\/v2\/users\/1"}],"replies":[{"embeddable":true,"href":"https:\/\/www.limostar.pt\/index.php?rest_route=%2Fwp%2Fv2%2Fcomments&post=3111"}],"version-history":[{"count":19,"href":"https:\/\/www.limostar.pt\/index.php?rest_route=\/wp\/v2\/pages\/3111\/revisions"}],"predecessor-version":[{"id":3947,"href":"https:\/\/www.limostar.pt\/index.php?rest_route=\/wp\/v2\/pages\/3111\/revisions\/3947"}],"wp:attachment":[{"href":"https:\/\/www.limostar.pt\/index.php?rest_route=%2Fwp%2Fv2%2Fmedia&parent=3111"}],"curies":[{"name":"wp","href":"https:\/\/api.w.org\/{rel}","templated":true}]}}